sor of 64 and 20677952?
64
Calculate the greatest common divisor of 4289600 and 12600.
1400
What is the greatest common divisor of 590030 and 11508?
14
What is the greatest common factor of 8 and 364650536?
8
Calculate the highest common factor of 12635 and 174363.
2527
What is the greatest common divisor of 718860 and 17840?
20
What is the greatest common divisor of 360 and 4426?
2
Calculate the greatest common divisor of 160463526 and 201.
201
Calculate the greatest common divisor of 1017176 and 4558.
106
What is the highest common factor of 9 and 7558707?
3
Calculate the greatest common divisor of 519264 and 79136.
32
Calculate the greatest common divisor of 2048 and 606848.
128
What is the highest common factor of 8 and 88679404?
4
Calculate the greatest common factor of 4879 and 64182174.
119
Calculate the highest common divisor of 4794871 and 1888.
59
What is the greatest common divisor of 5330 and 890770920?
5330
What is the highest common factor of 348 and 12139458?
174
What is the greatest common factor of 12665128 and 1176?
392
Calculate the greatest common divisor of 37037 and 8019011.
1001
What is the highest common divisor of 456 and 19341012?
228
What is the highest common factor of 84 and 66957636?
12
Calculate the greatest common factor of 24016 and 115024.
1264
Calculate the greatest common factor of 8 and 15871272.
8
What is the greatest common factor of 540 and 3920292?
108
What is the highest common factor of 14152203 and 2619?
873
Calculate the highest common factor of 25522637 and 14.
7
What is the greatest common divisor of 62396 and 288192?
76
What is the greatest common divisor of 3570352 and 9583?
1369
Calculate the greatest common factor of 5236 and 1906828.
308
What is the greatest common factor of 110586180 and 20100?
4020
What is the highest common factor of 440934 and 3822?
78
What is the greatest common divisor of 82678110 and 66396?
3018
Calculate the highest common factor of 133058349 and 8598.
4299
What is the highest common divisor of 8096 and 14168?
2024
What is the highest common factor of 46270224 and 189?
189
What is the highest common divisor of 14219 and 29264?
59
Calculate the highest common divisor of 2781735 and 29700.
165
Calculate the greatest common divisor of 355 and 82665.
5
Calculate the highest common factor of 11750 and 15625.
125
What is the greatest common divisor of 320996 and 988?
52
Calculate the highest common divisor of 16613856 and 1008.
1008
What is the highest common divisor of 1096044 and 5592?
12
Calculate the highest common divisor of 218 and 164098846.
218
Calculate the highest common divisor of 7145 and 51005297.
1429
What is the greatest common divisor of 868 and 437845891?
217
What is the highest common factor of 52255545 and 235350?
7845
Calculate the highest common factor of 2440862 and 954.
106
Calculate the greatest common divisor of 2016 and 1718262.
126
Calculate the highest common divisor of 496 and 1200537496.
248
Calculate the greatest common factor of 705742 and 9301426.
4226
What is the highest common divisor of 36 and 342481296?
12
Calculate the highest common factor of 189318 and 1982418.
834
Calculate the greatest common factor of 13684 and 837617.
11
What is the highest common factor of 184232 and 496?
8
Calculate the greatest common factor of 330947962 and 24393.
8131
Calculate the highest common factor of 28 and 152174974.
14
Calculate the highest common divisor of 78742983 and 451.
11
Calculate the highest common factor of 1744 and 939552968.
872
What is the highest common factor of 1660554 and 10206?
378
Calculate the greatest common divisor of 2847 and 21543906.
219
What is the highest common factor of 27646 and 1197192?
1202
What is the greatest common factor of 506001 and 1835231?
1117
What is the highest common factor of 115 and 16935199?
23
Calculate the highest common factor of 1186136320 and 30.
10
What is the greatest common divisor of 27385303 and 143?
11
Calculate the greatest common factor of 572 and 8469417.
11
What is the highest common factor of 6692540 and 3220?
460
What is the highest common factor of 2702 and 46356863?
1351
Calculate the highest common factor of 222485562 and 7956.
3978
What is the highest common divisor of 4359820 and 80?
20
Calculate the highest common factor of 300544276 and 4.
4
What is the greatest common factor of 995 and 5033705?
995
Calculate the greatest common factor of 42441808 and 368.
368
What is the greatest common divisor of 1344 and 175377216?
1344
What is the highest common divisor of 7267 and 43496908?
559
What is the highest common divisor of 1151122009 and 92?
23
What is the greatest common divisor of 63216 and 2178?
18
What is the greatest common divisor of 1121474193 and 21?
21
Calculate the highest common factor of 592 and 7901276.
148
Calculate the highest common factor of 1073 and 246355.
29
What is the highest common divisor of 67979932 and 45172?
1964
Calculate the greatest common factor of 771212 and 13.
13
What is the highest common factor of 660 and 98205060?
60
What is the greatest common divisor of 27 and 5340636?
9
Calculate the highest common divisor of 28425966 and 42.
6
Calculate the greatest common factor of 31170 and 53399405.
5195
What is the greatest common factor of 1057162 and 118354?
2006
What is the greatest common divisor of 1642102 and 2618?
154
What is the greatest common divisor of 13231930 and 44545?
295
What is the greatest common factor of 224865 and 59584?
19
Calculate the greatest common divisor of 250274112 and 4224.
2112
What is the greatest common divisor of 342 and 249983?
19
Calculate the greatest common divisor of 82546 and 411538.
298
Calculate the highest common factor of 18486 and 3263832.
234
Calculate the highest common divisor of 14337 and 18810.
9
What is the greatest common factor of 676250 and 1736250?
1250
Calculate the greatest common divisor of 28444 and 1300.
52
Calculate the highest common factor of 2016945 and 972990.
855
Calculate the highest common divisor of 2643253 and 37.
1
What is the highest common divisor of 9015 and 23202807?
1803
What is the highest common factor of 140013 and 2886651?
2979
What is the highest common divisor of 859630 and 10478?
62
What is the greatest common divisor of 20675 and 14125?
25
What is the highest common factor of 5229 and 376848220?
581
What is the highest common divisor of 12469755 and 3555?
1185
What is the greatest common factor of 15039 and 618827?
557
Calculate the greatest common factor of 646877367 and 1647.
1647
What is the highest common divisor of 74360 and 81335?
5
What is the highest common factor of 11324 and 172076673?
2831
Calculate the greatest common divisor of 2190 and 71798055.
1095
Calculate the greatest common divisor of 23138 and 17687.
23
What is the greatest common divisor of 14683 and 37?
1
What is the highest common factor of 11 and 14273963?
11
What is the greatest common factor of 72 and 18440028?
36
Calculate the greatest common divisor of 67627 and 744476660.
9661
What is the greatest common factor of 532048 and 31504?
176
What is the greatest common divisor of 286 and 158554?
22
Calculate the greatest common divisor of 2214 and 98033706.
2214
Calculate the greatest common divisor of 2241 and 3991470.
249
What is the greatest common divisor of 162564 and 18259?
589
Calculate the greatest common factor of 144 and 3886572.
12
What is the highest common divisor of 9933 and 630004782?
1419
What is the highest common divisor of 58246045 and 660?
55
What is the highest common factor of 72588550 and 475?
475
Calculate the greatest common divisor of 96480 and 34365640.
2680
Calculate the highest common divisor of 992086493 and 1037.
1037
What is the highest common factor of 103834740 and 340?
20
What is the greatest common factor of 47804471 and 22?
11
What is the highest common factor of 42885 and 31623399?
8577
Calculate the greatest common factor of 888 and 4311906.
222
What is the greatest common divisor of 19360 and 3396448?
352
What is the highest common factor of 21367346 and 30758?
2366
What is the greatest common divisor of 972 and 8173791?
243
Calculate the highest common divisor of 1857223865 and 35.
35
What is the greatest common divisor of 103353844 and 2299?
2299
Calcula